{"id":23,"date":"2024-05-08T10:50:48","date_gmt":"2024-05-08T08:50:48","guid":{"rendered":"https:\/\/www.hispasat.com\/informe-anual-2024\/?page_id=23"},"modified":"2025-06-17T08:30:43","modified_gmt":"2025-06-17T06:30:43","slug":"mensaje-del-presidente-y-del-ceo","status":"publish","type":"page","link":"https:\/\/www.hispasat.com\/informe-anual-2024\/mensaje-del-presidente-y-del-ceo\/","title":{"rendered":"Mensaje del Presidente y del CEO"},"content":{"rendered":"<div id='full_slider_1'  class='avia-fullwidth-slider main_color avia-shadow av-mini-hide  avia-builder-el-0  el_before_av_section  avia-builder-el-first   container_wrap fullsize'  ><div  class='avia-slideshow av-mb0j4wj0-b3ca9e0d1394ea393173a9d92c97e481 avia-slideshow-featured av_slideshow_full avia-slide-slider av-mini-hide av-slideshow-ui av-control-default av-slideshow-autoplay av-loop-endless av-loop-manual-endless av-default-height-applied   avia-slideshow-1' data-slideshow-options=\"{&quot;animation&quot;:&quot;slide&quot;,&quot;autoplay&quot;:true,&quot;loop_autoplay&quot;:&quot;endless&quot;,&quot;interval&quot;:3,&quot;loop_manual&quot;:&quot;manual-endless&quot;,&quot;autoplay_stopper&quot;:false,&quot;noNavigation&quot;:false,&quot;bg_slider&quot;:false,&quot;keep_padding&quot;:false,&quot;hoverpause&quot;:false,&quot;show_slide_delay&quot;:0}\"  itemprop=\"image\" itemscope=\"itemscope\" itemtype=\"https:\/\/schema.org\/ImageObject\" ><ul class='avia-slideshow-inner ' style='padding-bottom: 28.666666666667%;'><li  data-controls='aviaTBaviaTBvideo_controls' data-mute='aviaTBaviaTBvideo_mute' data-loop='aviaTBaviaTBvideo_loop' data-disable-autoplay=''  data-video-height='136' data-video-toppos='-18' data-video-ratio='3.4883720930233' class='avia-slideshow-slide av-mb0j4wj0-b3ca9e0d1394ea393173a9d92c97e481__0  av-video-slide  av-video-service-html5  av-hide-video-controls av-mute-video av-loop-video av-mobile-fallback-image  av-video-stretch av-single-slide slide-1 slide-odd'><div data-rel='slideshow-1' class='avia-slide-wrap '    itemprop=\"video\" itemtype=\"https:\/\/schema.org\/VideoObject\" ><div class='av-click-overlay'><\/div><video class='avia_video'  autoplay playsinline loop preload=\"metadata\" muted  id='player_23_267970838_1172426592'><source src=\"https:\/\/www.hispasat.com\/informe-anual-2024\/wp-content\/uploads\/2025\/05\/Mensajes.mp4\" type=\"video\/mp4\" \/><\/video><div class=\"av-click-to-play-overlay\"><div class=\"avia_playpause_icon\"><\/div><\/div><\/div><\/li><\/ul><\/div><\/div>\n\n<style type=\"text\/css\" data-created_by=\"avia_inline_auto\" id=\"style-css-av-mbt1nziz-3da87c097fbcaa66865b9d9c5ca82617\">\n.avia-section.av-mbt1nziz-3da87c097fbcaa66865b9d9c5ca82617{\nbackground-repeat:no-repeat;\nbackground-image:url(https:\/\/www.hispasat.com\/informe-anual-2024\/wp-content\/uploads\/2025\/06\/Mensajes-movil-cuadrado.gif);\nbackground-position:0% 0%;\nbackground-attachment:scroll;\n}\n<\/style>\n<div id='av_section_1'  class='avia-section av-mbt1nziz-3da87c097fbcaa66865b9d9c5ca82617 main_color avia-section-default avia-no-border-styling  avia-builder-el-1  el_after_av_slideshow_full  el_before_av_layout_row  av-desktop-hide av-medium-hide av-small-hide avia-full-contain avia-bg-style-scroll av-minimum-height av-minimum-height-50 av-height-50  container_wrap fullsize'  data-section-bg-repeat='contain' data-av_minimum_height_pc='50' data-av_min_height_opt='50'><div class='container av-section-cont-open' ><div class='template-page content  av-content-full alpha units'><div class='post-entry post-entry-type-page post-entry-23'><div class='entry-content-wrapper clearfix'>\n<\/div><\/div><\/div><!-- close content main div --><\/div><\/div><div id='cartas'  class='av-layout-grid-container av-3vdzv-fb11d2734d89d665e41f0dd0812110ae entry-content-wrapper main_color av-flex-cells av-break-at-tablet  avia-builder-el-2  el_after_av_section  el_before_av_codeblock  grid-row-not-first  container_wrap fullsize'  >\n\n<style type=\"text\/css\" data-created_by=\"avia_inline_auto\" id=\"style-css-av-3g22f-9527e109d99097222b549c764f981a64\">\n.flex_cell.av-3g22f-9527e109d99097222b549c764f981a64{\nvertical-align:top;\nbackground-color:#c6d2db;\n}\n<\/style>\n<div class='flex_cell av-3g22f-9527e109d99097222b549c764f981a64 av-gridrow-cell av_one_half no_margin  avia-builder-el-3  el_before_av_cell_one_half  avia-builder-el-first  grilla-presi'  ><div class='flex_cell_inner'><p><div  class='flex_column av-2hkjz-f727401cac976538322957e1e80ca45f av_one_full  avia-builder-el-4  el_before_av_codeblock  avia-builder-el-first  celda-cargo first flex_column_div  '     ><style type=\"text\/css\" data-created_by=\"avia_inline_auto\" id=\"style-css-av-mb0jyz9p-edd73ecbfd8ddb08fc54ad6953204114\">\n.avia-image-container.av-mb0jyz9p-edd73ecbfd8ddb08fc54ad6953204114 img.avia_image{\nbox-shadow:none;\n}\n.avia-image-container.av-mb0jyz9p-edd73ecbfd8ddb08fc54ad6953204114 .av-image-caption-overlay-center{\ncolor:#ffffff;\n}\n<\/style>\n<div  class='avia-image-container av-mb0jyz9p-edd73ecbfd8ddb08fc54ad6953204114 av-styling- avia_animated_image av-animated-when-visible-95 left-to-right avia-align-center  avia-builder-el-5  avia-builder-el-no-sibling '   itemprop=\"image\" itemscope=\"itemscope\" itemtype=\"https:\/\/schema.org\/ImageObject\" ><div class=\"avia-image-container-inner\"><div class=\"avia-image-overlay-wrap\"><img decoding=\"async\" fetchpriority=\"high\" class='wp-image-1513 avia-img-lazy-loading-not-1513 avia_image ' src=\"https:\/\/www.hispasat.com\/informe-anual-2024\/wp-content\/uploads\/2025\/06\/Imagenes-Mensaje-Presi-Nueva.png\" alt='' title='Ima\u0301genes Mensaje Presi-Nueva'  height=\"230\" width=\"490\"  itemprop=\"thumbnailUrl\" srcset=\"https:\/\/www.hispasat.com\/informe-anual-2024\/wp-content\/uploads\/2025\/06\/Imagenes-Mensaje-Presi-Nueva.png 490w, https:\/\/www.hispasat.com\/informe-anual-2024\/wp-content\/uploads\/2025\/06\/Imagenes-Mensaje-Presi-Nueva-300x141.png 300w\" sizes=\"(max-width: 490px) 100vw, 490px\" \/><\/div><\/div><\/div><\/div><\/p>\n<\/div><\/div>\n<style type=\"text\/css\" data-created_by=\"avia_inline_auto\" id=\"style-css-av-10gab-aefbf06d85f4db9628edb932e54a07de\">\n.flex_cell.av-10gab-aefbf06d85f4db9628edb932e54a07de{\nvertical-align:top;\nbackground-color:#c6d2db;\n}\n<\/style>\n<div class='flex_cell av-10gab-aefbf06d85f4db9628edb932e54a07de av-gridrow-cell av_one_half no_margin  avia-builder-el-7  el_after_av_cell_one_half  avia-builder-el-last  grilla-ceo'  ><div class='flex_cell_inner'><p><div  class='flex_column av-35pov-904d59e6d7ba99ce2d8e3542967f7cb6 av_one_full  avia-builder-el-8  el_before_av_codeblock  avia-builder-el-first  celda-cargo first flex_column_div  '     ><style type=\"text\/css\" data-created_by=\"avia_inline_auto\" id=\"style-css-av-2u08n-58d8bed2264163f9d1a45b5ea9306d17\">\n.avia-image-container.av-2u08n-58d8bed2264163f9d1a45b5ea9306d17 img.avia_image{\nbox-shadow:none;\n}\n.avia-image-container.av-2u08n-58d8bed2264163f9d1a45b5ea9306d17 .av-image-caption-overlay-center{\ncolor:#ffffff;\n}\n<\/style>\n<div  class='avia-image-container av-2u08n-58d8bed2264163f9d1a45b5ea9306d17 av-styling- avia_animated_image av-animated-when-visible-95 right-to-left avia-align-center  avia-builder-el-9  avia-builder-el-no-sibling '   itemprop=\"image\" itemscope=\"itemscope\" itemtype=\"https:\/\/schema.org\/ImageObject\" ><div class=\"avia-image-container-inner\"><div class=\"avia-image-overlay-wrap\"><img decoding=\"async\" fetchpriority=\"high\" class='wp-image-1033 avia-img-lazy-loading-not-1033 avia_image ' src=\"https:\/\/www.hispasat.com\/informe-anual-2024\/wp-content\/uploads\/2025\/05\/Imagenes-Mensaje-Presi-CEO2.png\" alt='' title='Im\u00e1genes Mensaje Presi-CEO2'  height=\"230\" width=\"490\"  itemprop=\"thumbnailUrl\" srcset=\"https:\/\/www.hispasat.com\/informe-anual-2024\/wp-content\/uploads\/2025\/05\/Imagenes-Mensaje-Presi-CEO2.png 490w, https:\/\/www.hispasat.com\/informe-anual-2024\/wp-content\/uploads\/2025\/05\/Imagenes-Mensaje-Presi-CEO2-300x141.png 300w\" sizes=\"(max-width: 490px) 100vw, 490px\" \/><\/div><\/div><\/div><\/div><\/p>\n<\/div><\/div>\n<\/div><div id='after_grid_row_1'  class='main_color av_default_container_wrap container_wrap fullsize'  ><div class='container av-section-cont-open' ><div class='template-page content  av-content-full alpha units'><div class='post-entry post-entry-type-page post-entry-23'><div class='entry-content-wrapper clearfix'>\n\n<\/div><\/div><\/div><!-- close content main div --><\/div><\/div>\n<style type=\"text\/css\" data-created_by=\"avia_inline_auto\" id=\"style-css-av-mb0kmqly-904ba696a5b5b05e4f72190cad28203f\">\n.avia-section.av-mb0kmqly-904ba696a5b5b05e4f72190cad28203f{\nbackground-color:#c6d2db;\nbackground-image:unset;\n}\n<\/style>\n<div id='av_section_2'  class='avia-section av-mb0kmqly-904ba696a5b5b05e4f72190cad28203f main_color avia-section-default avia-no-border-styling  avia-builder-el-12  el_after_av_codeblock  avia-builder-el-last  avia-bg-style-scroll container_wrap fullsize'  ><div class='container av-section-cont-open' ><div class='template-page content  av-content-full alpha units'><div class='post-entry post-entry-type-page post-entry-23'><div class='entry-content-wrapper clearfix'>\n\n<style type=\"text\/css\" data-created_by=\"avia_inline_auto\" id=\"style-css-av-lwabiqoz-5276310d71659295d4e81a0aba8170f9\">\n.flex_column.av-lwabiqoz-5276310d71659295d4e81a0aba8170f9{\nborder-radius:20px 20px 20px 20px;\npadding:50px 80px 50px 80px;\nbackground-color:#8ca0b4;\n}\n<\/style>\n<div  id=\"capa_saber_mas_presi\"  class='flex_column av-lwabiqoz-5276310d71659295d4e81a0aba8170f9 av_one_full  avia-builder-el-13  el_before_av_one_full  avia-builder-el-first  capa_saber_mas mensaje first flex_column_div  '     ><style type=\"text\/css\" data-created_by=\"avia_inline_auto\" id=\"style-css-av-lwabicmw-5e3a51a1e5619c2d3a5821754bcbe8ab\">\n#top .av_textblock_section.av-lwabicmw-5e3a51a1e5619c2d3a5821754bcbe8ab .avia_textblock{\ncolor:#ffffff;\n}\n<\/style>\n<section  class='av_textblock_section av-lwabicmw-5e3a51a1e5619c2d3a5821754bcbe8ab '   itemscope=\"itemscope\" itemtype=\"https:\/\/schema.org\/CreativeWork\" ><div class='avia_textblock av_inherit_color'  itemprop=\"text\" ><p style=\"font-size: 20px; margin-bottom: 25px; color: #153e5e;\"><strong>MENSAJE DEL PRESIDENTE<\/strong><\/p>\n<p>Estimados accionistas:<\/p>\n<p>En 2024 hemos llevado a cabo la consolidaci\u00f3n de las transformaciones iniciadas en el 2023, un a\u00f1o crucial en el que se pusieron en marcha el Amazonas Nexus y el programa UNICO Demanda Rural.\u00a0 Las bases sobre las que se asentar\u00e1 el futuro de Hispasat est\u00e1n puestas.<\/p>\n<p>En Espa\u00f1a hemos continuado el despliegue del internet rural, un programa que es pionero en el \u00e1mbito mundial para cerrar la brecha digital. Para ello hemos recorrido todo el territorio espa\u00f1ol d\u00e1ndolo a conocer a ayuntamientos, empresas y particulares.<\/p>\n<p>En Europa formamos parte del consorcio que firm\u00f3 el pasado mes de diciembre el contrato con la Comisi\u00f3n Europea para fabricar y operar IRIS2. Se trata del sistema de comunicaciones seguras por sat\u00e9lite del que Europa se va a dotar, aprovechando las posibilidades que brinda el uso de \u00f3rbitas diferentes de la geoestacionaria. Este programa est\u00e1 llamado, adem\u00e1s, a redefinir el sector industrial de fabricantes europeos. Por este motivo, el papel de liderazgo que va a tener Hispasat en su dise\u00f1o y en su ejecuci\u00f3n va a ser clave para Espa\u00f1a.<\/p>\n<p>Adem\u00e1s, hemos seguido avanzando en otros dos proyectos innovadores para desarrollar las comunicaciones m\u00e1s avanzadas, como son la transici\u00f3n a 5G o la distribuci\u00f3n cu\u00e1ntica de claves.<\/p>\n<p>En Iberoam\u00e9rica hemos mantenido una actividad muy intensa con los gobiernos de la regi\u00f3n para conocer y dar respuesta a sus necesidades de conectividad mediante alianzas s\u00f3lidas que fortalezcan nuestra posici\u00f3n de referencia. Todo ello, sin olvidar el esfuerzo constante que hacemos para consolidar nuestra posici\u00f3n con clientes de todo tipo y tama\u00f1o en esta regi\u00f3n.<\/p>\n<p>Asimismo, hemos abierto nuevos mercados de inter\u00e9s estrat\u00e9gico para la compa\u00f1\u00eda, pero tambi\u00e9n para Espa\u00f1a y Europa, como el proyecto de escuelas conectadas en Senegal.<\/p>\n<p>A pesar de que las comunicaciones por sat\u00e9lite son un escenario muy competitivo y en constante transformaci\u00f3n, Hispasat est\u00e1 sabiendo evolucionar y aprovechar las oportunidades que brindan las nuevas tecnolog\u00edas, acercarse cada m\u00e1s al cliente final. Dirigimos nuestros pasos hacia las comunicaciones seguras, actuando de nuevo como tractor de la industria espa\u00f1ola.<\/p>\n<p>Nada de esto habr\u00eda sido posible sin la colaboraci\u00f3n de nuestros accionistas, que mantienen este proyecto fiel a sus se\u00f1as de identidad y nos han apoyado cuando hemos tenido que afrontar desaf\u00edos. Muchas gracias.<\/p>\n<p><span style=\"color: #153e5e;\"><strong>Pedro Duque<\/strong><\/span><\/p>\n<p><span style=\"color: #153e5e;\"><strong>Presidente de Hispasat<\/strong><\/span><\/p>\n<\/div><\/section><br \/>\n<\/p><\/div>\n<style type=\"text\/css\" data-created_by=\"avia_inline_auto\" id=\"style-css-av-1pzqb-9e663566a7d7cc08bc53fa995adc909a\">\n.flex_column.av-1pzqb-9e663566a7d7cc08bc53fa995adc909a{\nborder-radius:20px 20px 20px 20px;\npadding:50px 80px 50px 80px;\nbackground-color:#8ca0b4;\n}\n<\/style>\n<div  id=\"capa_saber_mas_ceo\"  class='flex_column av-1pzqb-9e663566a7d7cc08bc53fa995adc909a av_one_full  avia-builder-el-16  el_after_av_one_full  avia-builder-el-last  capa_saber_mas mensaje first flex_column_div  column-top-margin'     ><style type=\"text\/css\" data-created_by=\"avia_inline_auto\" id=\"style-css-av-rgd7-2e8d9a214695938e8b7c3bb9714e5ffb\">\n#top .av_textblock_section.av-rgd7-2e8d9a214695938e8b7c3bb9714e5ffb .avia_textblock{\ncolor:#ffffff;\n}\n<\/style>\n<section  class='av_textblock_section av-rgd7-2e8d9a214695938e8b7c3bb9714e5ffb '   itemscope=\"itemscope\" itemtype=\"https:\/\/schema.org\/CreativeWork\" ><div class='avia_textblock av_inherit_color'  itemprop=\"text\" ><p style=\"font-size: 20px; margin-bottom: 25px; color: #153e5e;\"><strong>MENSAJE DEL CONSEJERO DELEGADO DE HISPASAT<\/strong><\/p>\n<p>Estimados accionistas:<\/p>\n<p>Desde la puesta en marcha de nuestro Plan Estrat\u00e9gico en 2020, nos marcamos como objetivo exprimir nuestros mercados tradicionales mientras nos posicion\u00e1bamos en otros que nos permitieran seguir creciendo a medio y largo plazo. Desde entonces, el sector ha sufrido y sigue sufriendo una acelerada transformaci\u00f3n en la que todo est\u00e1 cambiando por completo.<\/p>\n<p>El ejemplo m\u00e1s representativo de todo ello es el proyecto IRIS<sup>2<\/sup>. Europa ha comprendido que el espacio es un \u00e1mbito vital para la defensa y la seguridad y que, adem\u00e1s, puede ayudar a revitalizar su tejido industrial para ganar autonom\u00eda estrat\u00e9gica de la mano del sector privado para seguir siendo competitivos.<\/p>\n<p>Por este motivo me enorgullece decir que, en diciembre de 2024, firmamos, como parte del consorcio SpaceRISE, el acuerdo para la puesta en marcha de IRIS<sup>2<\/sup>. Con este proyecto se quiere definir el futuro de las comunicaciones europeas por sat\u00e9lite con proyecci\u00f3n global; y estamos seguros de que esto traer\u00e1 consigo tambi\u00e9n una nueva etapa de transformaci\u00f3n de Hispasat.<\/p>\n<p>Junto a esta gran iniciativa, en la que estamos trabajando con tanta ilusi\u00f3n, en Hispasat hemos seguido desarrollando nuestra actividad comercial en un contexto de enorme complejidad donde podemos decir que hemos mantenido un buen desempe\u00f1o general. En concreto, hemos alcanzado unos ingresos de 238,7 millones de euros, lo que supone una bajada del 5,9% respecto a 2023. Las medidas de eficiencia operativa desplegadas nos han permitido mitigar este impacto en el EBITDA, que en 2024 ha sido de 125,4 millones, en torno a medio punto menos que en 2023.<\/p>\n<p>Nuestra situaci\u00f3n no es diferente a la que han vivido otros operadores del sector, que han registrado ca\u00eddas en los ingresos similares o incluso mayores. En este contexto, la compa\u00f1\u00eda con su compromiso y af\u00e1n de innovar ha sido capaz de mantener el negocio y los principales clientes.<\/p>\n<p>En paralelo hemos seguido trabajando en el proceso interno de integraci\u00f3n, transformaci\u00f3n y digitalizaci\u00f3n; dirigido a lograr una mayor eficiencia operativa y, en definitiva, a adecuar nuestra compa\u00f1\u00eda a la nueva realidad del sector.<\/p>\n<p>En definitiva, 2024 concluy\u00f3 con un panorama lleno de incertidumbre en el \u00e1mbito global y con enormes desaf\u00edos por delante. En este escenario, tambi\u00e9n pueden surgir oportunidades. Nos encontramos en un momento y en un lugar en el que tenemos que reinventar una Hispasat que, manteniendo su vocaci\u00f3n inicial, sea capaz de dar respuesta a los desaf\u00edos del ma\u00f1ana y estoy seguro de que lo haremos.<\/p>\n<p><strong>\u00a0<\/strong><\/p>\n<p><span style=\"color: #153e5e;\"><strong>Miguel \u00c1ngel Panduro<\/strong><\/span><\/p>\n<p><span style=\"color: #153e5e;\"><strong>Consejero Delegado de Hispasat<\/strong><\/span><\/p>\n<\/div><\/section><br \/>\n<\/p><\/div>\n\n","protected":false},"excerpt":{"rendered":"","protected":false},"author":1,"featured_media":0,"parent":0,"menu_order":0,"comment_status":"closed","ping_status":"closed","template":"","meta":{"footnotes":""},"class_list":["post-23","page","type-page","status-publish","hentry"],"_links":{"self":[{"href":"https:\/\/www.hispasat.com\/informe-anual-2024\/wp-json\/wp\/v2\/pages\/23","targetHints":{"allow":["GET"]}}],"collection":[{"href":"https:\/\/www.hispasat.com\/informe-anual-2024\/wp-json\/wp\/v2\/pages"}],"about":[{"href":"https:\/\/www.hispasat.com\/informe-anual-2024\/wp-json\/wp\/v2\/types\/page"}],"author":[{"embeddable":true,"href":"https:\/\/www.hispasat.com\/informe-anual-2024\/wp-json\/wp\/v2\/users\/1"}],"replies":[{"embeddable":true,"href":"https:\/\/www.hispasat.com\/informe-anual-2024\/wp-json\/wp\/v2\/comments?post=23"}],"version-history":[{"count":102,"href":"https:\/\/www.hispasat.com\/informe-anual-2024\/wp-json\/wp\/v2\/pages\/23\/revisions"}],"predecessor-version":[{"id":1767,"href":"https:\/\/www.hispasat.com\/informe-anual-2024\/wp-json\/wp\/v2\/pages\/23\/revisions\/1767"}],"wp:attachment":[{"href":"https:\/\/www.hispasat.com\/informe-anual-2024\/wp-json\/wp\/v2\/media?parent=23"}],"curies":[{"name":"wp","href":"https:\/\/api.w.org\/{rel}","templated":true}]}}